{"id":17,"date":"2021-02-07T21:00:22","date_gmt":"2021-02-07T21:00:22","guid":{"rendered":"https:\/\/flowexperts.de\/?page_id=17"},"modified":"2022-04-09T21:03:11","modified_gmt":"2022-04-09T21:03:11","slug":"kontakt","status":"publish","type":"page","link":"https:\/\/www.stuck-mirschberger.de\/?page_id=17","title":{"rendered":"Kontakt"},"content":{"rendered":"<div id=\"pl-gb17-69f891f6555c3\"  class=\"panel-layout\" ><div id=\"pg-gb17-69f891f6555c3-0\"  class=\"panel-grid panel-no-style\" ><div id=\"pgc-gb17-69f891f6555c3-0-0\"  class=\"panel-grid-cell\" ><div id=\"panel-gb17-69f891f6555c3-0-0-0\" class=\"so-panel widget widget_media_image panel-first-child panel-last-child\" data-index=\"0\" ><img loading=\"lazy\" decoding=\"async\" width=\"720\" height=\"480\" src=\"https:\/\/www.stuck-mirschberger.de\/wp-content\/uploads\/2021\/04\/Werner_u_Petra-1024x683.jpg\" class=\"image wp-image-386  attachment-large size-large\" alt=\"\" style=\"max-width: 100%; height: auto;\" srcset=\"https:\/\/www.stuck-mirschberger.de\/wp-content\/uploads\/2021\/04\/Werner_u_Petra-1024x683.jpg 1024w, https:\/\/www.stuck-mirschberger.de\/wp-content\/uploads\/2021\/04\/Werner_u_Petra-300x200.jpg 300w, https:\/\/www.stuck-mirschberger.de\/wp-content\/uploads\/2021\/04\/Werner_u_Petra-768x512.jpg 768w, https:\/\/www.stuck-mirschberger.de\/wp-content\/uploads\/2021\/04\/Werner_u_Petra-1536x1024.jpg 1536w, https:\/\/www.stuck-mirschberger.de\/wp-content\/uploads\/2021\/04\/Werner_u_Petra-2048x1365.jpg 2048w, https:\/\/www.stuck-mirschberger.de\/wp-content\/uploads\/2021\/04\/Werner_u_Petra-272x182.jpg 272w\" sizes=\"auto, (max-width: 720px) 100vw, 720px\" \/><\/div><\/div><div id=\"pgc-gb17-69f891f6555c3-0-1\"  class=\"panel-grid-cell\" ><div id=\"panel-gb17-69f891f6555c3-0-1-0\" class=\"so-panel widget widget_text panel-first-child panel-last-child\" data-index=\"1\" >\t\t\t<div class=\"textwidget\"><p>&nbsp;<\/p>\n<p>&nbsp;<\/p>\n<p>&nbsp;<\/p>\n<p><strong>Werner Mirschberger\u00a0\u00a0<\/strong><\/p>\n<p>(Gesch\u00e4ftsf\u00fchrer )<\/p>\n<p><strong>Petra Mirschberger<\/strong><\/p>\n<p>(Gesch\u00e4ftsf\u00fchrerin)<\/p>\n<p>&nbsp;<\/p>\n<p><strong><a href=\"tel:091351884\">Tel.: 09135\/1884<\/a><\/strong><\/p>\n<p><strong><a href=\"mailto:info@stuck-mirschberger.de\">info@stuck-mirschberger.de<\/a><\/strong><\/p>\n<\/div>\n\t\t<\/div><\/div><\/div><\/div>","protected":false},"excerpt":{"rendered":"<p>&nbsp; &nbsp; &nbsp; Werner Mirschberger\u00a0\u00a0 (Gesch\u00e4ftsf\u00fchrer ) Petra Mirschberger (Gesch\u00e4ftsf\u00fchrerin) &nbsp; Tel.: 09135\/1884 info@stuck-mirschberger.de<\/p>\n","protected":false},"author":1,"featured_media":0,"parent":0,"menu_order":0,"comment_status":"closed","ping_status":"closed","template":"","meta":{"_monsterinsights_skip_tracking":false,"_monsterinsights_sitenote_active":false,"_monsterinsights_sitenote_note":"","_monsterinsights_sitenote_category":0,"footnotes":""},"class_list":["post-17","page","type-page","status-publish","hentry","post"],"yoast_head":"<!-- This site is optimized with the Yoast SEO plugin v27.5 - https:\/\/yoast.com\/product\/yoast-seo-wordpress\/ -->\n<title>Kontakt - Stuck Mirschberger<\/title>\n<meta name=\"robots\" content=\"index, follow, max-snippet:-1, max-image-preview:large, max-video-preview:-1\" \/>\n<link rel=\"canonical\" href=\"https:\/\/www.stuck-mirschberger.de\/?page_id=17\" \/>\n<meta property=\"og:locale\" content=\"de_DE\" \/>\n<meta property=\"og:type\" content=\"article\" \/>\n<meta property=\"og:title\" content=\"Kontakt - Stuck Mirschberger\" \/>\n<meta property=\"og:description\" content=\"&nbsp; &nbsp; &nbsp; Werner Mirschberger\u00a0\u00a0 (Gesch\u00e4ftsf\u00fchrer ) Petra Mirschberger (Gesch\u00e4ftsf\u00fchrerin) &nbsp; Tel.: 09135\/1884 info@stuck-mirschberger.de\" \/>\n<meta property=\"og:url\" content=\"https:\/\/www.stuck-mirschberger.de\/?page_id=17\" \/>\n<meta property=\"og:site_name\" content=\"Stuck Mirschberger\" \/>\n<meta property=\"article:modified_time\" content=\"2022-04-09T21:03:11+00:00\" \/>\n<meta property=\"og:image\" content=\"https:\/\/www.stuck-mirschberger.de\/wp-content\/uploads\/2021\/04\/Werner_u_Petra-1024x683.jpg\" \/>\n<meta name=\"twitter:card\" content=\"summary_large_image\" \/>\n<meta name=\"twitter:label1\" content=\"Gesch\u00e4tzte Lesezeit\" \/>\n\t<meta name=\"twitter:data1\" content=\"1\u00a0Minute\" \/>\n<script type=\"application\/ld+json\" class=\"yoast-schema-graph\">{\"@context\":\"https:\\\/\\\/schema.org\",\"@graph\":[{\"@type\":\"WebPage\",\"@id\":\"https:\\\/\\\/www.stuck-mirschberger.de\\\/?page_id=17\",\"url\":\"https:\\\/\\\/www.stuck-mirschberger.de\\\/?page_id=17\",\"name\":\"Kontakt - Stuck Mirschberger\",\"isPartOf\":{\"@id\":\"https:\\\/\\\/www.stuck-mirschberger.de\\\/#website\"},\"primaryImageOfPage\":{\"@id\":\"https:\\\/\\\/www.stuck-mirschberger.de\\\/?page_id=17#primaryimage\"},\"image\":{\"@id\":\"https:\\\/\\\/www.stuck-mirschberger.de\\\/?page_id=17#primaryimage\"},\"thumbnailUrl\":\"https:\\\/\\\/www.stuck-mirschberger.de\\\/wp-content\\\/uploads\\\/2021\\\/04\\\/Werner_u_Petra-1024x683.jpg\",\"datePublished\":\"2021-02-07T21:00:22+00:00\",\"dateModified\":\"2022-04-09T21:03:11+00:00\",\"breadcrumb\":{\"@id\":\"https:\\\/\\\/www.stuck-mirschberger.de\\\/?page_id=17#breadcrumb\"},\"inLanguage\":\"de\",\"potentialAction\":[{\"@type\":\"ReadAction\",\"target\":[\"https:\\\/\\\/www.stuck-mirschberger.de\\\/?page_id=17\"]}]},{\"@type\":\"ImageObject\",\"inLanguage\":\"de\",\"@id\":\"https:\\\/\\\/www.stuck-mirschberger.de\\\/?page_id=17#primaryimage\",\"url\":\"https:\\\/\\\/www.stuck-mirschberger.de\\\/wp-content\\\/uploads\\\/2021\\\/04\\\/Werner_u_Petra-1024x683.jpg\",\"contentUrl\":\"https:\\\/\\\/www.stuck-mirschberger.de\\\/wp-content\\\/uploads\\\/2021\\\/04\\\/Werner_u_Petra-1024x683.jpg\"},{\"@type\":\"BreadcrumbList\",\"@id\":\"https:\\\/\\\/www.stuck-mirschberger.de\\\/?page_id=17#breadcrumb\",\"itemListElement\":[{\"@type\":\"ListItem\",\"position\":1,\"name\":\"Startseite\",\"item\":\"https:\\\/\\\/www.stuck-mirschberger.de\\\/\"},{\"@type\":\"ListItem\",\"position\":2,\"name\":\"Kontakt\"}]},{\"@type\":\"WebSite\",\"@id\":\"https:\\\/\\\/www.stuck-mirschberger.de\\\/#website\",\"url\":\"https:\\\/\\\/www.stuck-mirschberger.de\\\/\",\"name\":\"Stuck Mirschberger\",\"description\":\"Stuck aus Meisterhand\",\"potentialAction\":[{\"@type\":\"SearchAction\",\"target\":{\"@type\":\"EntryPoint\",\"urlTemplate\":\"https:\\\/\\\/www.stuck-mirschberger.de\\\/?s={search_term_string}\"},\"query-input\":{\"@type\":\"PropertyValueSpecification\",\"valueRequired\":true,\"valueName\":\"search_term_string\"}}],\"inLanguage\":\"de\"}]}<\/script>\n<!-- \/ Yoast SEO plugin. -->","yoast_head_json":{"title":"Kontakt - Stuck Mirschberger","robots":{"index":"index","follow":"follow","max-snippet":"max-snippet:-1","max-image-preview":"max-image-preview:large","max-video-preview":"max-video-preview:-1"},"canonical":"https:\/\/www.stuck-mirschberger.de\/?page_id=17","og_locale":"de_DE","og_type":"article","og_title":"Kontakt - Stuck Mirschberger","og_description":"&nbsp; &nbsp; &nbsp; Werner Mirschberger\u00a0\u00a0 (Gesch\u00e4ftsf\u00fchrer ) Petra Mirschberger (Gesch\u00e4ftsf\u00fchrerin) &nbsp; Tel.: 09135\/1884 info@stuck-mirschberger.de","og_url":"https:\/\/www.stuck-mirschberger.de\/?page_id=17","og_site_name":"Stuck Mirschberger","article_modified_time":"2022-04-09T21:03:11+00:00","og_image":[{"url":"https:\/\/www.stuck-mirschberger.de\/wp-content\/uploads\/2021\/04\/Werner_u_Petra-1024x683.jpg","type":"","width":"","height":""}],"twitter_card":"summary_large_image","twitter_misc":{"Gesch\u00e4tzte Lesezeit":"1\u00a0Minute"},"schema":{"@context":"https:\/\/schema.org","@graph":[{"@type":"WebPage","@id":"https:\/\/www.stuck-mirschberger.de\/?page_id=17","url":"https:\/\/www.stuck-mirschberger.de\/?page_id=17","name":"Kontakt - Stuck Mirschberger","isPartOf":{"@id":"https:\/\/www.stuck-mirschberger.de\/#website"},"primaryImageOfPage":{"@id":"https:\/\/www.stuck-mirschberger.de\/?page_id=17#primaryimage"},"image":{"@id":"https:\/\/www.stuck-mirschberger.de\/?page_id=17#primaryimage"},"thumbnailUrl":"https:\/\/www.stuck-mirschberger.de\/wp-content\/uploads\/2021\/04\/Werner_u_Petra-1024x683.jpg","datePublished":"2021-02-07T21:00:22+00:00","dateModified":"2022-04-09T21:03:11+00:00","breadcrumb":{"@id":"https:\/\/www.stuck-mirschberger.de\/?page_id=17#breadcrumb"},"inLanguage":"de","potentialAction":[{"@type":"ReadAction","target":["https:\/\/www.stuck-mirschberger.de\/?page_id=17"]}]},{"@type":"ImageObject","inLanguage":"de","@id":"https:\/\/www.stuck-mirschberger.de\/?page_id=17#primaryimage","url":"https:\/\/www.stuck-mirschberger.de\/wp-content\/uploads\/2021\/04\/Werner_u_Petra-1024x683.jpg","contentUrl":"https:\/\/www.stuck-mirschberger.de\/wp-content\/uploads\/2021\/04\/Werner_u_Petra-1024x683.jpg"},{"@type":"BreadcrumbList","@id":"https:\/\/www.stuck-mirschberger.de\/?page_id=17#breadcrumb","itemListElement":[{"@type":"ListItem","position":1,"name":"Startseite","item":"https:\/\/www.stuck-mirschberger.de\/"},{"@type":"ListItem","position":2,"name":"Kontakt"}]},{"@type":"WebSite","@id":"https:\/\/www.stuck-mirschberger.de\/#website","url":"https:\/\/www.stuck-mirschberger.de\/","name":"Stuck Mirschberger","description":"Stuck aus Meisterhand","potentialAction":[{"@type":"SearchAction","target":{"@type":"EntryPoint","urlTemplate":"https:\/\/www.stuck-mirschberger.de\/?s={search_term_string}"},"query-input":{"@type":"PropertyValueSpecification","valueRequired":true,"valueName":"search_term_string"}}],"inLanguage":"de"}]}},"_links":{"self":[{"href":"https:\/\/www.stuck-mirschberger.de\/index.php?rest_route=\/wp\/v2\/pages\/17","targetHints":{"allow":["GET"]}}],"collection":[{"href":"https:\/\/www.stuck-mirschberger.de\/index.php?rest_route=\/wp\/v2\/pages"}],"about":[{"href":"https:\/\/www.stuck-mirschberger.de\/index.php?rest_route=\/wp\/v2\/types\/page"}],"author":[{"embeddable":true,"href":"https:\/\/www.stuck-mirschberger.de\/index.php?rest_route=\/wp\/v2\/users\/1"}],"replies":[{"embeddable":true,"href":"https:\/\/www.stuck-mirschberger.de\/index.php?rest_route=%2Fwp%2Fv2%2Fcomments&post=17"}],"version-history":[{"count":10,"href":"https:\/\/www.stuck-mirschberger.de\/index.php?rest_route=\/wp\/v2\/pages\/17\/revisions"}],"predecessor-version":[{"id":470,"href":"https:\/\/www.stuck-mirschberger.de\/index.php?rest_route=\/wp\/v2\/pages\/17\/revisions\/470"}],"wp:attachment":[{"href":"https:\/\/www.stuck-mirschberger.de\/index.php?rest_route=%2Fwp%2Fv2%2Fmedia&parent=17"}],"curies":[{"name":"wp","href":"https:\/\/api.w.org\/{rel}","templated":true}]}}